{"id":42,"date":"2021-11-10T22:04:34","date_gmt":"2021-11-11T03:04:34","guid":{"rendered":"https:\/\/hosting1.dsbmobile.com\/operador-logistico\/?page_id=42"},"modified":"2023-10-22T14:01:12","modified_gmt":"2023-10-22T19:01:12","slug":"agencia-de-aduanas","status":"publish","type":"page","link":"https:\/\/unitrade.pe\/operador-logistico\/agencia-de-aduanas\/","title":{"rendered":"Agencia de Aduanas"},"content":{"rendered":"<div class=\"d-flex align-items-center overflow-hidden\" style=\"max-height: 500px;\">\n<img decoding=\"async\" class=\"w-100\" src=\"\/operador-logistico\/wp-content\/uploads\/sites\/2\/2021\/11\/agencia-aduanas-1.jpg\" alt=\"\">\n<\/div><section class=\"container\" id=\"quienes-somos\">\n<div class=\"row no-gutters py-5\">\n<div class=\"col-md-5\">\n<img decoding=\"async\" class=\"w-100\" src=\"\/operador-logistico\/wp-content\/uploads\/sites\/2\/2021\/11\/agencia-aduanas-2.jpg\" alt=\"\">\n<\/div>\n<div class=\"col-md-1\"><\/div>\n<div class=\"col-md-6\">\n<h3 class=\"c-primary\">Agencia de Aduanas<\/h3>\n<p>Ofrecemos el mejor servicio de soporte log\u00edstico a las operaciones de comercio exterior de nuestros clientes, ocup\u00e1ndonos de sus mercanc\u00edas desde la tramitaci\u00f3n de las formalidades aduaneras necesarias para su importaci\u00f3n, exportaci\u00f3n o destinaci\u00f3n a cualquier r\u00e9gimen aduanero, a trav\u00e9s de los servicios de nuestra agencia: UNIADUANAS AGENTE DE ADUANAS SAC.<\/p>\n<p>UNIADUANAS es una Agencia de Aduanas autorizada para operar en las circunscripciones de las Intendencias de Aduana Mar\u00edtima y A\u00e9rea del Callao, y cuenta con la Certificaci\u00f3n BASC para mayor seguridad de sus operaciones.<\/p>\n<p>Ventajas:<\/p>\n<ul>\n<li>Asesor\u00eda t\u00e9cnico aduanera desde el inicio.<\/li>\n<li>Diversos servicios integrados en un solo operador.<\/li>\n<li>Flexibilidad y rapidez en los tr\u00e1mites.<\/li>\n<li>Mayor seguridad en sus operaciones.<\/li>\n<\/ul>\n<a href=\"https:\/\/www.uniaduanas.pe\/\"><img decoding=\"async\" src=\"\/operador-logistico\/wp-content\/uploads\/sites\/2\/2021\/11\/uniaduanas.png\" style=\"width:350px;\"><\/a>\n<\/div>\n<\/div>\n<\/section>","protected":false},"excerpt":{"rendered":"<p>Agencia de Aduanas Ofrecemos el mejor servicio de soporte log\u00edstico a las operaciones de comercio exterior de nuestros clientes, ocup\u00e1ndonos de sus mercanc\u00edas desde la tramitaci\u00f3n de las formalidades aduaneras necesarias para su importaci\u00f3n, exportaci\u00f3n o destinaci\u00f3n a cualquier r\u00e9gimen aduanero, a trav\u00e9s de los servicios de nuestra agencia: UNIADUANAS AGENTE DE ADUANAS SAC. UNIADUANAS [&#8230;]<\/p>\n<p><a class=\"btn btn-secondary understrap-read-more-link\" href=\"https:\/\/unitrade.pe\/operador-logistico\/agencia-de-aduanas\/\">Read More&#8230;<\/a><\/p>\n","protected":false},"author":1,"featured_media":0,"parent":0,"menu_order":0,"comment_status":"closed","ping_status":"closed","template":"","meta":{"footnotes":""},"class_list":["post-42","page","type-page","status-publish","hentry"],"yoast_head":"<!-- This site is optimized with the Yoast SEO plugin v24.3 - https:\/\/yoast.com\/wordpress\/plugins\/seo\/ -->\n<title>Agencia de Aduanas - Operador Log\u00edstico<\/title>\n<meta name=\"description\" content=\"Ofrecemos el mejor servicio de soporte log\u00edstico a las operaciones de comercio exterior de nuestros clientes, ocup\u00e1ndonos de sus mercanc\u00edas desde la tramitaci\u00f3n de las formalidades aduaneras necesarias para su importaci\u00f3n, exportaci\u00f3n o destinaci\u00f3n a cualquier r\u00e9gimen aduanero, a trav\u00e9s de los servicios de nuestra agencia: UNIADUANAS AGENTE DE ADUANAS SAC.\" \/>\n<meta name=\"robots\" content=\"index, follow, max-snippet:-1, max-image-preview:large, max-video-preview:-1\" \/>\n<link rel=\"canonical\" href=\"https:\/\/unitrade.pe\/operador-logistico\/agencia-de-aduanas\/\" \/>\n<meta property=\"og:locale\" content=\"es_ES\" \/>\n<meta property=\"og:type\" content=\"article\" \/>\n<meta property=\"og:title\" content=\"Agencia de Aduanas - Operador Log\u00edstico\" \/>\n<meta property=\"og:description\" content=\"Ofrecemos el mejor servicio de soporte log\u00edstico a las operaciones de comercio exterior de nuestros clientes, ocup\u00e1ndonos de sus mercanc\u00edas desde la tramitaci\u00f3n de las formalidades aduaneras necesarias para su importaci\u00f3n, exportaci\u00f3n o destinaci\u00f3n a cualquier r\u00e9gimen aduanero, a trav\u00e9s de los servicios de nuestra agencia: UNIADUANAS AGENTE DE ADUANAS SAC.\" \/>\n<meta property=\"og:url\" content=\"https:\/\/unitrade.pe\/operador-logistico\/agencia-de-aduanas\/\" \/>\n<meta property=\"og:site_name\" content=\"Operador Log\u00edstico\" \/>\n<meta property=\"article:modified_time\" content=\"2023-10-22T19:01:12+00:00\" \/>\n<meta name=\"twitter:card\" content=\"summary_large_image\" \/>\n<meta name=\"twitter:label1\" content=\"Est. reading time\" \/>\n\t<meta name=\"twitter:data1\" content=\"2 minutos\" \/>\n<script type=\"application\/ld+json\" class=\"yoast-schema-graph\">{\"@context\":\"https:\/\/schema.org\",\"@graph\":[{\"@type\":\"WebPage\",\"@id\":\"https:\/\/unitrade.pe\/operador-logistico\/agencia-de-aduanas\/\",\"url\":\"https:\/\/unitrade.pe\/operador-logistico\/agencia-de-aduanas\/\",\"name\":\"Agencia de Aduanas - Operador Log\u00edstico\",\"isPartOf\":{\"@id\":\"https:\/\/unitrade.pe\/operador-logistico\/#website\"},\"datePublished\":\"2021-11-11T03:04:34+00:00\",\"dateModified\":\"2023-10-22T19:01:12+00:00\",\"description\":\"Ofrecemos el mejor servicio de soporte log\u00edstico a las operaciones de comercio exterior de nuestros clientes, ocup\u00e1ndonos de sus mercanc\u00edas desde la tramitaci\u00f3n de las formalidades aduaneras necesarias para su importaci\u00f3n, exportaci\u00f3n o destinaci\u00f3n a cualquier r\u00e9gimen aduanero, a trav\u00e9s de los servicios de nuestra agencia: UNIADUANAS AGENTE DE ADUANAS SAC.\",\"breadcrumb\":{\"@id\":\"https:\/\/unitrade.pe\/operador-logistico\/agencia-de-aduanas\/#breadcrumb\"},\"inLanguage\":\"es-PE\",\"potentialAction\":[{\"@type\":\"ReadAction\",\"target\":[\"https:\/\/unitrade.pe\/operador-logistico\/agencia-de-aduanas\/\"]}]},{\"@type\":\"BreadcrumbList\",\"@id\":\"https:\/\/unitrade.pe\/operador-logistico\/agencia-de-aduanas\/#breadcrumb\",\"itemListElement\":[{\"@type\":\"ListItem\",\"position\":1,\"name\":\"Portada\",\"item\":\"https:\/\/unitrade.pe\/operador-logistico\/\"},{\"@type\":\"ListItem\",\"position\":2,\"name\":\"Agencia de Aduanas\"}]},{\"@type\":\"WebSite\",\"@id\":\"https:\/\/unitrade.pe\/operador-logistico\/#website\",\"url\":\"https:\/\/unitrade.pe\/operador-logistico\/\",\"name\":\"Operador Log\u00edstico\",\"description\":\"\",\"publisher\":{\"@id\":\"https:\/\/unitrade.pe\/operador-logistico\/#organization\"},\"potentialAction\":[{\"@type\":\"SearchAction\",\"target\":{\"@type\":\"EntryPoint\",\"urlTemplate\":\"https:\/\/unitrade.pe\/operador-logistico\/?s={search_term_string}\"},\"query-input\":{\"@type\":\"PropertyValueSpecification\",\"valueRequired\":true,\"valueName\":\"search_term_string\"}}],\"inLanguage\":\"es-PE\"},{\"@type\":\"Organization\",\"@id\":\"https:\/\/unitrade.pe\/operador-logistico\/#organization\",\"name\":\"Operador Log\u00edstico\",\"url\":\"https:\/\/unitrade.pe\/operador-logistico\/\",\"logo\":{\"@type\":\"ImageObject\",\"inLanguage\":\"es-PE\",\"@id\":\"https:\/\/unitrade.pe\/operador-logistico\/#\/schema\/logo\/image\/\",\"url\":\"https:\/\/unitrade.pe\/operador-logistico\/wp-content\/uploads\/sites\/2\/2021\/12\/logo-operador-logistico.svg\",\"contentUrl\":\"https:\/\/unitrade.pe\/operador-logistico\/wp-content\/uploads\/sites\/2\/2021\/12\/logo-operador-logistico.svg\",\"caption\":\"Operador Log\u00edstico\"},\"image\":{\"@id\":\"https:\/\/unitrade.pe\/operador-logistico\/#\/schema\/logo\/image\/\"}}]}<\/script>\n<!-- \/ Yoast SEO plugin. -->","yoast_head_json":{"title":"Agencia de Aduanas - Operador Log\u00edstico","description":"Ofrecemos el mejor servicio de soporte log\u00edstico a las operaciones de comercio exterior de nuestros clientes, ocup\u00e1ndonos de sus mercanc\u00edas desde la tramitaci\u00f3n de las formalidades aduaneras necesarias para su importaci\u00f3n, exportaci\u00f3n o destinaci\u00f3n a cualquier r\u00e9gimen aduanero, a trav\u00e9s de los servicios de nuestra agencia: UNIADUANAS AGENTE DE ADUANAS SAC.","robots":{"index":"index","follow":"follow","max-snippet":"max-snippet:-1","max-image-preview":"max-image-preview:large","max-video-preview":"max-video-preview:-1"},"canonical":"https:\/\/unitrade.pe\/operador-logistico\/agencia-de-aduanas\/","og_locale":"es_ES","og_type":"article","og_title":"Agencia de Aduanas - Operador Log\u00edstico","og_description":"Ofrecemos el mejor servicio de soporte log\u00edstico a las operaciones de comercio exterior de nuestros clientes, ocup\u00e1ndonos de sus mercanc\u00edas desde la tramitaci\u00f3n de las formalidades aduaneras necesarias para su importaci\u00f3n, exportaci\u00f3n o destinaci\u00f3n a cualquier r\u00e9gimen aduanero, a trav\u00e9s de los servicios de nuestra agencia: UNIADUANAS AGENTE DE ADUANAS SAC.","og_url":"https:\/\/unitrade.pe\/operador-logistico\/agencia-de-aduanas\/","og_site_name":"Operador Log\u00edstico","article_modified_time":"2023-10-22T19:01:12+00:00","twitter_card":"summary_large_image","twitter_misc":{"Est. reading time":"2 minutos"},"schema":{"@context":"https:\/\/schema.org","@graph":[{"@type":"WebPage","@id":"https:\/\/unitrade.pe\/operador-logistico\/agencia-de-aduanas\/","url":"https:\/\/unitrade.pe\/operador-logistico\/agencia-de-aduanas\/","name":"Agencia de Aduanas - Operador Log\u00edstico","isPartOf":{"@id":"https:\/\/unitrade.pe\/operador-logistico\/#website"},"datePublished":"2021-11-11T03:04:34+00:00","dateModified":"2023-10-22T19:01:12+00:00","description":"Ofrecemos el mejor servicio de soporte log\u00edstico a las operaciones de comercio exterior de nuestros clientes, ocup\u00e1ndonos de sus mercanc\u00edas desde la tramitaci\u00f3n de las formalidades aduaneras necesarias para su importaci\u00f3n, exportaci\u00f3n o destinaci\u00f3n a cualquier r\u00e9gimen aduanero, a trav\u00e9s de los servicios de nuestra agencia: UNIADUANAS AGENTE DE ADUANAS SAC.","breadcrumb":{"@id":"https:\/\/unitrade.pe\/operador-logistico\/agencia-de-aduanas\/#breadcrumb"},"inLanguage":"es-PE","potentialAction":[{"@type":"ReadAction","target":["https:\/\/unitrade.pe\/operador-logistico\/agencia-de-aduanas\/"]}]},{"@type":"BreadcrumbList","@id":"https:\/\/unitrade.pe\/operador-logistico\/agencia-de-aduanas\/#breadcrumb","itemListElement":[{"@type":"ListItem","position":1,"name":"Portada","item":"https:\/\/unitrade.pe\/operador-logistico\/"},{"@type":"ListItem","position":2,"name":"Agencia de Aduanas"}]},{"@type":"WebSite","@id":"https:\/\/unitrade.pe\/operador-logistico\/#website","url":"https:\/\/unitrade.pe\/operador-logistico\/","name":"Operador Log\u00edstico","description":"","publisher":{"@id":"https:\/\/unitrade.pe\/operador-logistico\/#organization"},"potentialAction":[{"@type":"SearchAction","target":{"@type":"EntryPoint","urlTemplate":"https:\/\/unitrade.pe\/operador-logistico\/?s={search_term_string}"},"query-input":{"@type":"PropertyValueSpecification","valueRequired":true,"valueName":"search_term_string"}}],"inLanguage":"es-PE"},{"@type":"Organization","@id":"https:\/\/unitrade.pe\/operador-logistico\/#organization","name":"Operador Log\u00edstico","url":"https:\/\/unitrade.pe\/operador-logistico\/","logo":{"@type":"ImageObject","inLanguage":"es-PE","@id":"https:\/\/unitrade.pe\/operador-logistico\/#\/schema\/logo\/image\/","url":"https:\/\/unitrade.pe\/operador-logistico\/wp-content\/uploads\/sites\/2\/2021\/12\/logo-operador-logistico.svg","contentUrl":"https:\/\/unitrade.pe\/operador-logistico\/wp-content\/uploads\/sites\/2\/2021\/12\/logo-operador-logistico.svg","caption":"Operador Log\u00edstico"},"image":{"@id":"https:\/\/unitrade.pe\/operador-logistico\/#\/schema\/logo\/image\/"}}]}},"_links":{"self":[{"href":"https:\/\/unitrade.pe\/operador-logistico\/wp-json\/wp\/v2\/pages\/42","targetHints":{"allow":["GET"]}}],"collection":[{"href":"https:\/\/unitrade.pe\/operador-logistico\/wp-json\/wp\/v2\/pages"}],"about":[{"href":"https:\/\/unitrade.pe\/operador-logistico\/wp-json\/wp\/v2\/types\/page"}],"author":[{"embeddable":true,"href":"https:\/\/unitrade.pe\/operador-logistico\/wp-json\/wp\/v2\/users\/1"}],"replies":[{"embeddable":true,"href":"https:\/\/unitrade.pe\/operador-logistico\/wp-json\/wp\/v2\/comments?post=42"}],"version-history":[{"count":8,"href":"https:\/\/unitrade.pe\/operador-logistico\/wp-json\/wp\/v2\/pages\/42\/revisions"}],"predecessor-version":[{"id":105,"href":"https:\/\/unitrade.pe\/operador-logistico\/wp-json\/wp\/v2\/pages\/42\/revisions\/105"}],"wp:attachment":[{"href":"https:\/\/unitrade.pe\/operador-logistico\/wp-json\/wp\/v2\/media?parent=42"}],"curies":[{"name":"wp","href":"https:\/\/api.w.org\/{rel}","templated":true}]}}